hat is the tens digit of t?
7
Suppose -13*p = -9*p - 2088. Suppose -6*s = -0*s - p. What is the units digit of s?
7
Let x(j) = 50*j + 26. Let o = 14 - 3. Let i(g) = 10*g + 5. Let z(y) = o*i(y) - 2*x(y). What is the units digit of z(1)?
3
Suppose 4*v = 3*q - 2659, v = 5*q - 2*v - 4428. What is the units digit of q?
5
Let f = -1520 + 2527. What is the units digit of f?
7
Suppose 5*w - 5*q + 3*q = 12451, -4*w + 9974 = 5*q. What is the thousands digit of w?
2
Suppose -16 = -2*x - 3*b + 2, 5*b - 20 = 0. Suppose 5*w - 180 = -x*f, 3 = -4*w + 5*w. What is the tens digit of f?
5
Suppose -41*g = -35*g - 20058. What is the units digit of g?
3
Let j(f) = -10*f - 20. Let z be j(-8). Suppose 4*n - 85 = 5*m, -2*n + z = -5*m + 5. What is the tens digit of n?
1
Let h(o) = 48*o - 1. Suppose -3*l = -v - 4, 4*l + 4 = -3*v + 5*l. Let x be h(v). Let j = -15 - x. What is the tens digit of j?
3
Let q = 5 - -1. Suppose -w + 14 = -q. Suppose -n - 4*n + w = 0. What is the units digit of n?
4
Let d(x) = -2*x - 4. Suppose g - 5 = -5*o - g, 4*o + 3*g + 3 = 0. Let n be d(o). Let a = n - -39. What is the tens digit of a?
2
Suppose -24 = -y - 5*p, 0 = y - 3*p + p - 3. What is the units digit of y?
9
Let k(l) = -l**2 - 11*l - 16. Let d be k(-9). Suppose -d*p - 5*q + 85 = 0, 3*p + 4*q - 56 = 75. What is the units digit of p?
5
Let r = 100 - -31. What is the hundreds digit of r?
1
Suppose -4 + 8 = -2*f. What is the units digit of (-820)/(-16) + f/8?
1
Let a(i) = i**3 - 5*i**2 + 2*i - 3. Let n be a(4). What is the units digit of n/22*2*-7?
7
What is the hundreds digit of -11 + 1951 - (-1 - -9)?
9
Let i(h) = h - 34. Let g be i(0). Let s = g - -83. What is the units digit of (-14)/s - 464/(-7)?
6
Let c(i) = i**2 - 2. Let k be c(2). Suppose -k*h + 172 = 2*h. What is the tens digit of h?
4
Let j be -1 + (-54)/(-2) + 1. Suppose j*g - 28*g = -2. Suppose -6 + 150 = g*u. What is the tens digit of u?
7
Let n = -1560 - -1664. What is the tens digit of n?
0
Let c(q) = 1960*q + 13. What is the units digit of c(1)?
3
Suppose 23*d - 29*d + 258 = 0. What is the units digit of d?
3
Suppose 2*a - 343 - 11 = 0. What is the hundreds digit of a?
1
Let v = 1159 + -762. What is the hundreds digit of v?
3
Let x = 605 + -145. What is the hundreds digit of x?
4
Let k = 23 + -15. Suppose -2*b - k = -0. What is the tens digit of (b/10)/((-3)/270)?
3
Suppose -5*o + f = -575, f = -6*o + o + 565. Let q = o + -18. What is the units digit of q?
6
Suppose -14*t - 381 = -1375. What is the tens digit of t?
7
Let s(j) = j**2 - 8*j + 30. What is the tens digit of s(-14)?
3
Suppose 37*g + 2650 = 38*g. What is the hundreds digit of g?
6
What is the hundreds digit of (12/(-9))/(12/(-8982))?
9
Let a(t) = -t**2 + 19*t - 11. Let y be a(10). Let u be (-2)/10 + (-201)/(-5). Let x = y - u. What is the units digit of x?
9
Let n(s) = 5*s**2 - 8*s - 19. What is the hundreds digit of n(7)?
1
Let g(j) be the first derivative of 2*j**3/3 + j**2 - 3*j + 24. What is the units digit of g(-2)?
1
Let o = 29 - 32. Let n(t) = -t + 6. What is the units digit of n(o)?
9
Let z(d) = -5*d**3 - 14*d**2 + 28. What is the units digit of z(-8)?
2
Let k = 2115 - 1579. What is the hundreds digit of k?
5
Let c(r) = r**2 + 1. Let p = -18 + 17. Let a be c(p). Suppose -a*o - 87 = -5*o. What is the tens digit of o?
2
Let h be ((-102)/(-8))/3 + (-18)/72. Suppose -h*j + 44 = -276. What is the units digit of j?
0
What is the thousands digit of (-54 + 52)/(4/(-2346))?
1
Let a(o) = 79*o + 3. What is the units digit of a(4)?
9
Suppose 12 = -3*h, -4*p + 3*p - 4*h + 524 = 0. What is the units digit of p?
0
Let p(o) = -2*o + 3. Let c be p(-5). Let w = 17 - c. Suppose -3*h - 52 = -w*h. What is the tens digit of h?
5
Let w(c) = 1086*c**2 + 3*c - 1. What is the tens digit of w(1)?
8
Let r(p) = -p**2 + 111*p + 8. What is the tens digit of r(32)?
3
Let r be 6/4*(-316)/(-3). Let k = r - 103. Suppose -3*h + k = -32. What is the units digit of h?
9
Let c be ((-44)/(-33))/(2/(-12)). Let j = c + 18. Suppose -t + 19 = -j. What is the tens digit of t?
2
Suppose -3*g + 3*q = -4107, -q + 4*q + 1373 = g. What is the tens digit of g?
6
Let a = -131 + 376. Suppose -2*d = 5*k - 3*d - 257, 5*k - 5*d = a. What is the tens digit of k?
5
Suppose 354*y = 349*y + 10005. What is the hundreds digit of y?
0
Let u(t) = -9*t**2 + 25*t - 9. Let a(l) = 5*l**2 - 12*l + 4. Let w(j) = 7*a(j) + 4*u(j). What is the units digit of w(14)?
0
Let u = 370 - 257. Let b = u + 66. What is the hundreds digit of b?
1
Let g(n) = n**3 - n - 1. Let q(o) = -o**2. Let w(u) = -g(u) + 2*q(u). Let c be w(-2). What is the units digit of (-3)/((-2 - c)*1)?
3
Let v(n) = 4*n - 20. Let w be v(6). Let a = w - -30. What is the tens digit of a?
3
Suppose 1 = -g + 8. Let t(b) = -4*b - b**3 + 5 - g*b**2 + 0*b - 1 + 3*b. What is the units digit of t(-7)?
1
Let i(o) = 266*o + 11. What is the tens digit of i(2)?
4
Let j = 679 - -500. What is the hundreds digit of j?
1
Let p = 27 - 22. Suppose -n = -251 - p. What is the units digit of n?
6
Let o(m) = 2 - 10*m + 2*m + 8 - 2. What is the units digit of o(-5)?
8
Suppose 3*w + 202 = j + 77, 4*j - 2*w = 490. Suppose 226 = 4*r - j. What is the tens digit of r?
8
Let h = 21 + -21. Suppose h*c + 2*c = 608. What is the units digit of c?
4
Suppose 167 = p - 26. What is the units digit of p?
3
Let l(o) = -o**2 - 17*o + 1. Suppose -1 + 91 = -6*s. Let j be 25/(-5)*(-36)/s. What is the tens digit of l(j)?
6
What is the hundreds digit of (-1)/(4/(-2582)) + 80/(-160)?
6
What is the hundreds digit of (1146/6 - -7) + -8?
1
Let j be (-1)/(-4)*(0/(-2) - -4). What is the hundreds digit of (-2)/8 + ((-890)/(-8))/j?
1
Suppose -5*x - 2*w + 3248 = -3*x, 3*w = 3*x - 4884. What is the hundreds digit of x?
6
Let o(u) = u**3 - u**2 + 9. Let g be o(0). Let t be ((-33)/g)/((-4)/12). Suppose t*p - 112 = 7*p. What is the tens digit of p?
2
Let t(w) = -3*w - 12. Let i be t(-5). Let j(f) = -f**3 + 5*f**2 - f. Let l be j(i). Suppose 0 = d + 12 - l. What is the units digit of d?
3
Let p(o) = o - 6. Let c be p(6). Suppose j - 3*j + 10 = c, 0 = -5*x + 3*j + 10. What is the units digit of x?
5
Suppose -v - 4*a = -44, -114 = -4*v + v - 3*a. Suppose 2*i - 3*h = v, -i + 5 + 22 = 3*h. Suppose -5 = 5*c, 4*r + 4*c - i = 35. What is the units digit of r?
5
Suppose 4*m + 0*m + 4 = 0. Let y = m - -1. Let v(z) = z**3 - z**2 + 19. What is the units digit of v(y)?
9
Let j(w) = 3 - 2*w - w - 2 + 4*w**3 + 5*w**2. Let a(t) = -27*t + 245. Let v be a(9). What is the tens digit of j(v)?
4
What is the thousands digit of 2/(-2)*(-1794 + 59)?
1
What is the tens digit of (-40176)/27*(-7)/4?
0
Let i be (30/35)/((-6)/(-28)). Suppose 4*o - 4 = 0, 2*o - 155 = -i*x + 7. What is the units digit of x?
0
Suppose -13*r + 2*r + 8800 = 0. Suppose -z + r = 7*z. What is the units digit of z?
0
Let k(n) be the third derivative of n**6/120 + n**5/6 + 3*n**4/8 + 7*n**3/6 - 8*n**2. What is the units digit of k(-8)?
3
Let o(r) = 32 + 31 + r + 5*r**2 - 51. What is the tens digit of o(4)?
9
Let u(r) = -r**3 + 17*r**2 - 8*r + 10. Let b be (10/(-25))/(357/120 + -3). What is the tens digit of u(b)?
3
Suppose 10*v - 3*c - 8678 = 6*v, 4*v + 4*c - 8664 = 0. What is the thousands digit of v?
2
Let o = 7 + -5. Let t(m) = 4*m**2 - 4*m + 3. Let f be t(o). Let p = f - 4. What is the units digit of p?
7
Let s = -189 - -213. What is the units digit of s?
4
What is the units digit of -6 - (-276)/48 - (-7090)/8?
6
Suppose 0 = -4*r + 11*m - 14*m + 59, -4*r + 60 = 4*m. Let t(a) be the second derivative of -a**4/12 + 8*a**3/3 - a**2/2 - a. What is the units digit of t(r)?
7
What is the tens digit of 13*(6 - (-18 + -1))?
2
Let r = -374 - -637. Let m = r + -144. What is the tens digit of m?
1
Let f = 22 + -20. Suppose 4*m - 78 = f*m. Let o = m - 15. What is the units digit of o?
4
Suppose t = -y + 103, 7*y - 3*t - 339 = 4*y. Let d = y + -47. What is the units digit of d?
1
Let v(c) = -c**3 + 30*c**2 - 4*c - 61. What is the hundreds digit of v(27)?
0
Let a = 16 - 12. Suppose -z + a = -0. Suppose -3*r = r - m - 105, -12 = -z*m. What is the tens digit of r?
2
Let r be 84/70*(0 - -5). Suppose 2*f - 87 = -o + r*o, -f = -4*o - 39. What is the units digit of f?
1
Let u = 249 + 85. What is the units digit of u?
4
Let x(v) = -2*v - 20. Let d be x(-11). What is the tens digit of (-29